= 0. Let m = -3 + l. Suppose 3*g - 5*g = -m. What is the units digit of g?
1
Let k(g) = 2*g**2 + 2*g - 3. Let x be k(4). Suppose -4*v - 55 = -5*v + 5*t, v = -t + x. What is the units digit of v?
0
Let c(h) = h**2 - h + 1. Let l(g) = -g**2 - 4*g + 2. Let o(k) = -2*c(k) - l(k). Let v be o(4). Let q = v - -2. What is the units digit of q?
6
Let o(l) = 5*l + 65. What is the tens digit of o(21)?
7
Suppose 5*c - 450 = -c. What is the tens digit of c?
7
Let v(b) = -b - 6. Let n be v(-9). Let a be 3/1*n/9. What is the units digit of (a*10)/((-12)/(-18))?
5
Let f(j) = -j**3 + 12*j**2 - 9*j - 15. What is the units digit of f(11)?
7
Suppose -3*r - 127 = -5*y, 4*r - 2*y = -0*r - 174. Let c = 79 + r. What is the units digit of c?
5
Let i(s) be the first derivative of 3*s**2/2 - 6*s - 2. What is the tens digit of i(12)?
3
Suppose -3*v = -3*o - 0*v + 186, -3*o - 2*v + 196 = 0. What is the units digit of o?
4
Let g be (6 - 0)/((-1)/(-1)). Let q(w) = w**2 + 5*w - 5. Let i be q(-5). Let j = g + i. What is the units digit of j?
1
What is the units digit of -74*(-1 + 4)/(-6)?
7
Let x = -44 + 29. Let n = -16 - -42. Let w = n + x. What is the units digit of w?
1
Suppose 0 = -5*k - 20 - 0, i - 12 = -3*k. What is the tens digit of i?
2
Let j(b) = -b**2 - 12*b + 1. What is the units digit of j(-7)?
6
Suppose -o - 10 = 3*c, -c - 4*o + 1 = -3. What is the units digit of ((-2)/c)/(5/10)?
1
Let n(z) = 2*z**3 - z**2 - 3*z + 4. Let b be n(3). Suppose -4*k = 4*m - 172, 5*k = -m + b + 195. Suppose 0*p + k = 4*p. What is the tens digit of p?
1
Let a be -2 - (-4)/(4/5). Suppose -4*q - 2*j - a*j + 315 = 0, 4*q - 325 = 5*j. Suppose -4*m = p - 11, -3*m + q = 5*p - 8*m. What is the tens digit of p?
1
Suppose 0 = 4*c - 3*c. Suppose 3*v - q - 3 = c, 2*v = 5*v + 5*q - 21. Suppose -5*u - 9*o + 40 = -4*o, -v*o + 4 = -2*u. What is the units digit of u?
3
What is the tens digit of (2 - 4) + 9*6 - -1?
5
Suppose 4*w + 38 = -4*p - w, -17 = 3*p - 2*w. Let l(j) = j**2 + 6*j - 5. Let b be l(p). What is the units digit of ((-4)/(-1) - b) + 3?
5
Let c be (-2)/5 + 12/5. Let n be -2 - -3*c/2. Suppose 5*k - 4*v = 29, 4*k + n = -5*v + 16. What is the units digit of k?
5
Let x = -4 + 8. Suppose -o + 8 = 2*v, 0 = v + x*o - 0*o + 10. Suppose v + 9 = n. What is the tens digit of n?
1
Let t be (-6)/2*(4 - 6). What is the units digit of t*((-4)/(-3))/4?
2
Let t(q) be the first derivative of -q**4/4 + 4*q**3/3 + q**2/2 - 2*q + 1. What is the units digit of t(3)?
0
Suppose -62 = -3*j + 232. What is the units digit of j?
8
Let b(y) = -y**3 + 8*y**2 + 2*y + 12. What is the tens digit of b(8)?
2
Let w be 2*5/(-2) - 0. Let o = -5 - w. Suppose -2*m = -o*m - 18. What is the units digit of m?
9
Let z(m) = -2*m**3 + 5*m**2 - 9*m + 8. Let t(f) = -f**3 - f + 1. Let v(y) = -3*t(y) + z(y). What is the units digit of v(-6)?
5
Suppose -12 = -3*d - 3. Suppose d = 4*b - 1. What is the units digit of b?
1
Let m be (-212)/(-44) + 4/22. Suppose 144 = 5*f - 2*h, 5*f - m*h - 138 = -h. Let p = f + -16. What is the units digit of p?
4
Let n be 6/4 - (-1)/(-2). Let f be n/2*(-12)/(-2). Suppose f - 11 = -2*l. What is the units digit of l?
4
Let b = 9 - -48. Suppose 5*u - b = -2*x, -3*u + 51 = -0*x + 2*x. What is the tens digit of x?
2
Let v(h) = h - 1. Let b be v(5). Suppose -3 = -n + b. What is the units digit of n?
7
Suppose 6 = o - 0*o - 2*a, -26 = -3*o + 4*a. What is the tens digit of o?
1
Let c(q) = q + 8. Let j be c(-6). Suppose 5*w = 2*l + 7, j*w + 2*w - 28 = -4*l. Suppose 7 = r - 2*m, 0 = w*r + 2*m - 35 + 6. What is the units digit of r?
9
Let x(n) = -1 + 2*n**2 + 0*n - 4*n + 0*n**2. Let g be x(3). Suppose -2*o + 4*i = i + 11, -g*i + 23 = -o. What is the units digit of o?
2
Let v = -450 + 684. What is the tens digit of v?
3
Let k(p) = -p**3 + 3*p**2 + 6 - 2*p**2 - 2*p**2 - 3 + p. What is the units digit of k(0)?
3
Let p(b) = 5*b - 2*b**3 - 2 + 8*b**2 + b**3 + 2*b**3. What is the units digit of p(-7)?
2
Suppose 10*v = 14*v - 800. Suppose -4*d + v = -0*d. What is the units digit of d?
0
Let m be 2*2 + (-3)/3. Suppose -2*b = 3*j + 14, -7*j = -m*j - b + 26. What is the tens digit of 30/(-12)*(j + 0)?
1
Suppose -3*h - 25 = -8*h. Let p(u) = 2*u**3 - 4 - 3*u + 2*u + h. What is the units digit of p(1)?
2
Let a(s) = -s**3 + 4*s**2 - 4*s + 2. Let z be a(4). Let l = -13 - z. What is the units digit of l?
1
Suppose -2*d - 3*q - 6 = 0, 0 = 3*q + q + 16. Suppose 3*w - 2*z + 2 - 15 = 0, -d*w + 4*z = -17. Suppose w*v - v = 36. What is the units digit of v?
8
Let y(j) = j**3 - 2*j + 100. What is the units digit of y(0)?
0
Let z(d) = 4*d - 1. Let c be z(-1). Let m = c - -12. What is the units digit of m?
7
Let x be 28/(-154) - (-101)/11. Suppose 0 = -c + x - 4. What is the units digit of c?
5
Suppose -44 = -4*z + 140. What is the units digit of z?
6
Suppose c = -5*d - 0*c + 299, 0 = c - 4. What is the tens digit of d?
5
Let k be 1/(-3)*(4 + 11). Let r(o) = 3*o - 13. Let h(b) = -2*b + 7. Let n(w) = k*h(w) - 3*r(w). What is the units digit of n(0)?
4
Let q be (-44)/(-16) + 2/8. Let y = q - 1. What is the units digit of y?
2
Suppose -3*t = -6*t - 4*d + 243, -5*d = -4*t + 355. What is the tens digit of t?
8
Suppose -33 = 3*r + 3*c, 2*r + 5*c - 25 = 5*r. Let p be 10/1*(-4)/r. Let y = 0 + p. What is the units digit of y?
4
Suppose -4*n + 256 = -12. What is the tens digit of n?
6
Let c(l) = -3*l + 3. Let d be c(7). Let j = 48 - 75. Let g = d - j. What is the units digit of g?
9
Let j = -23 - -43. What is the units digit of j?
0
Let b = 1 + 1. Suppose -5*v + 37 = 4*q, -b*q = -0*q + 4. What is the units digit of v?
9
Suppose 0 = -5*z + 3*y + 90, 3*z - 4*y - y - 54 = 0. What is the tens digit of z?
1
What is the tens digit of 57/6*16/2?
7
Suppose -2*q + 3*q = 0. Suppose q = -5*v + 6 + 4. What is the units digit of v?
2
Let m be (3 - 3)/((-2)/1). Suppose s - 2 = -m. Suppose -8 = -s*n + z, -4*n - 12 = 2*z + 3*z. What is the units digit of n?
2
Let h(d) = -2*d + 13. What is the tens digit of h(-11)?
3
Let w = -5 + 7. Suppose -5*k + w*k = -18. What is the units digit of k?
6
Let h = 16 - 16. Suppose -52 = -2*g - h*g. What is the tens digit of g?
2
What is the tens digit of 685/(-2)*8/(-10)?
7
Suppose 0 = t + 3*v - 44, -5*t + t + 5*v = -227. What is the units digit of t?
3
Let o = -1 - -2. What is the tens digit of 0 + (46/o)/2?
2
Suppose 5*d - 3*d - 10 = 0. Suppose -q - 3*q = -5*n + 48, -4*q + 32 = d*n. What is the units digit of 2/(0 + 2/n)?
8
Suppose 13*p = -0*p + 1911. What is the hundreds digit of p?
1
What is the tens digit of (47 - -5 - 5) + 4?
5
Suppose -121 - 1044 = -5*c + 5*u, -5*u = -4*c + 930. What is the tens digit of c?
3
Suppose -7*l + 2033 = 255. What is the tens digit of l?
5
Let q(d) = -3*d - 2. Let v be q(2). Let c(i) = -i**2 - 13*i + 2. Let b be c(v). Suppose -b + 6 = -2*s. What is the tens digit of s?
1
Suppose 0 = 2*i - 4*i + 14. Let k = 10 + i. What is the tens digit of k?
1
Suppose 9*p = 6*p. Let g = 6 + p. What is the units digit of g?
6
Let l(b) = b + 9. What is the tens digit of l(7)?
1
Suppose -7*z = -2*z + 5*f - 25, 2*z - f = -2. Let a(o) = o + 4 + z - 1. What is the units digit of a(-3)?
1
Let f = -155 - -230. What is the tens digit of f?
7
Let w = -125 - -141. What is the units digit of w?
6
Let v(q) = -2*q + 3. Let m be v(-3). Suppose -2*u + b + 37 = 0, -m - 9 = -u + b. Let x = 37 - u. What is the tens digit of x?
1
Suppose 0 = 5*v + 4*d - 48, 0*d = v + 3*d - 14. Let g(p) = -p**3 + 7*p**2 + 10*p - 7. What is the units digit of g(v)?
9
Suppose 569 = 5*m + 99. What is the units digit of m?
4
Let g(c) = 4*c**2 + c - 5. Let i(l) = -l**2 + l + 1. Let v(s) = -g(s) - 6*i(s). What is the tens digit of v(5)?
1
What is the tens digit of 0 + (-2)/(2/(-83))?
8
What is the tens digit of 4 - (-58 + -1 + 4)?
5
Let f be (21/1)/(7/14). Suppose -v = -9 - f. What is the tens digit of v?
5
Suppose -2*h + 5*h + k - 14 = 0, -2*h + 2*k + 4 = 0. Suppose 0*i + i - 62 = -h*u, 2*i = -4*u + 60. What is the tens digit of u?
1
Suppose 5*c + 20 = 0, -c - 13 = -4*k + 3. Suppose 2*m - 60 = -2*d, -5*d = k*m - 0*m - 160. What is the tens digit of d?
3
Let n(y) = -y**3 - 3*y**2 + 3*y + 5. Let u be n(-4). Suppose -v + a = -u, 0 = -5*v - 3*a - 2*a + 65. What is the tens digit of v?
1
Suppose -n = 3*l + l + 1, 5*l = -3*n + 4. Let a be -2 - (l + 2 + 2). What i